se
Is 11629 a multiple of 36?
False
Does 68 divide 612?
True
Does 32 divide 32?
True
Is 1456 a multiple of 7?
True
Does 12 divide 607?
False
Is 11 a factor of 542?
False
Is 38 a factor of 565?
False
Is 10 a factor of 5337?
False
Is 7 a factor of 6937?
True
Is 1055 a multiple of 5?
True
Is 31592 a multiple of 4?
True
Is 252 a multiple of 10?
False
Is 18 a factor of 23094?
True
Does 2 divide 279?
False
Does 41 divide 443?
False
Is 990 a multiple of 3?
True
Is 172 a factor of 31304?
True
Does 93 divide 14743?
False
Is 31 a factor of 1643?
True
Is 525 a multiple of 35?
True
Does 5 divide 180?
True
Does 55 divide 15730?
True
Does 13 divide 32873?
False
Is 130 a multiple of 39?
False
Is 15 a factor of 9479?
False
Is 3 a factor of 426?
True
Does 29 divide 3581?
False
Is 46 a multiple of 46?
True
Is 169 a factor of 7098?
True
Is 19 a factor of 247?
True
Does 95 divide 5103?
False
Does 41 divide 984?
True
Is 4 a factor of 12577?
False
Does 3 divide 216?
True
Is 146 a factor of 10512?
True
Does 41 divide 90405?
True
Is 574 a multiple of 11?
False
Does 28 divide 23912?
True
Is 8 a factor of 3880?
True
Is 3969 a multiple of 7?
True
Does 20 divide 440?
True
Is 11629 a multiple of 75?
False
Does 12 divide 3468?
True
Is 338 a factor of 69628?
True
Is 17 a factor of 629?
True
Is 63 a factor of 743?
False
Is 368 a multiple of 9?
False
Does 25 divide 4567?
False
Does 56 divide 34776?
True
Does 12 divide 77971?
False
Is 3472 a multiple of 37?
False
Is 6656 a multiple of 39?
False
Is 31 a factor of 2634?
False
Does 235 divide 69792?
False
Does 48 divide 34224?
True
Is 21 a factor of 836?
False
Is 12 a factor of 408?
True
Does 36 divide 1205?
False
Is 1264 a multiple of 23?
False
Is 2 a factor of 53?
False
Does 117 divide 3052?
False
Is 26 a factor of 34259?
False
Is 28931 a multiple of 15?
False
Is 88 a factor of 23672?
True
Is 17 a factor of 867?
True
Is 91 a factor of 314?
False
Is 573 a multiple of 18?
False
Does 5 divide 867?
False
Is 12 a factor of 1704?
True
Is 1275 a multiple of 51?
True
Is 1656 a multiple of 2?
True
Is 21 a multiple of 7?
True
Is 375 a multiple of 25?
True
Does 6 divide 8?
False
Does 75 divide 901?
False
Is 1190 a multiple of 34?
True
Is 645 a multiple of 5?
True
Is 74 a factor of 3552?
True
Is 196 a factor of 15259?
False
Does 15 divide 15?
True
Is 2538 a multiple of 16?
False
Does 8 divide 48?
True
Is 28 a factor of 784?
True
Is 29 a factor of 18038?
True
Does 14 divide 8862?
True
Is 5 a factor of 542?
False
Is 3 a factor of 320?
False
Is 16080 a multiple of 16?
True
Is 5832 a multiple of 15?
False
Does 11 divide 14193?
False
Is 323 a multiple of 17?
True
Does 18 divide 8406?
True
Is 36850 a multiple of 110?
True
Does 8 divide 7460?
False
Is 9 a factor of 41328?
True
Is 11 a factor of 3264?
False
Is 101259 a multiple of 76?
False
Is 4 a factor of 1112?
True
Is 37 a factor of 821?
False
Does 147 divide 12044?
False
Does 23 divide 15589?
False
Is 40600 a multiple of 14?
True
Is 19 a factor of 654?
False
Does 6 divide 170?
False
Is 116 a multiple of 29?
True
Is 23 a factor of 23069?
True
Is 44 a factor of 572?
True
Does 100 divide 3000?
True
Is 35 a factor of 1114?
False
Does 27 divide 184?
False
Does 56 divide 3864?
True
Is 14 a factor of 16100?
True
Is 15 a factor of 495?
True
Does 59 divide 305?
False
Is 7 a factor of 394?
False
Is 9073 a multiple of 33?
False
Is 4148 a multiple of 34?
True
Does 16 divide 806?
False
Does 22 divide 1873?
False
Is 69 a multiple of 22?
False
Is 1131 a multiple of 2?
False
Does 3 divide 1981?
False
Is 31 a factor of 651?
True
Does 10 divide 79?
False
Is 129390 a multiple of 19?
True
Is 3709 a multiple of 7?
False
Is 4719 a multiple of 25?
False
Does 144 divide 1152?
True
Is 702 a multiple of 26?
True
Is 26 a factor of 290?
False
Is 448 a multiple of 14?
True
Does 11 divide 7557?
True
Is 57 a factor of 142?
False
Is 2 a factor of 102?
True
Is 204 a factor of 25092?
True
Is 12 a factor of 1524?
True
Is 34930 a multiple of 35?
True
Is 14 a factor of 1467?
False
Is 101 a factor of 101?
True
Is 656 a multiple of 8?
True
Does 10 divide 30?
True
Is 33 a factor of 1219?
False
Is 28944 a multiple of 67?
True
Does 29 divide 493?
True
Is 1488 a multiple of 24?
True
Is 530 a multiple of 26?
False
Does 4 divide 173?
False
Does 53 divide 10282?
True
Is 1743 a multiple of 27?
False
Is 15 a factor of 35940?
True
Is 4739 a multiple of 139?
False
Is 4613 a multiple of 12?
False
Is 2211 a multiple of 11?
True
Is 21 a factor of 378?
True
Does 20 divide 773?
False
Is 4 a factor of 916?
True
Is 2 a factor of 95?
False
Is 61166 a multiple of 119?
True
Does 7 divide 308?
True
Is 70704 a multiple of 12?
True
Is 9 a factor of 604?
False
Is 12654 a multiple of 74?
True
Is 1373 a multiple of 15?
False
Does 6 divide 104?
False
Does 7 divide 4534?
False
Is 24 a factor of 676?
False
Does 18 divide 57?
False
Is 11 a factor of 154?
True
Does 37 divide 35218?
False
Does 8 divide 11384?
True
Is 100440 a multiple of 7?
False
Is 4 a factor of 1058?
False
Does 40 divide 8610?
False
Is 286 a multiple of 11?
True
Is 335 a factor of 26800?
True
Is 16 a factor of 10828?
False
Is 12 a factor of 59767?
False
Is 121 a multiple of 11?
True
Is 4 a factor of 6952?
True
Does 22 divide 880?
True
Is 3400 a multiple of 68?
True
Is 10 a factor of 7885?
False
Is 3235 even?
False
Is 9246 a multiple of 138?
True
Is 2658 a multiple of 54?
False
Is 513 a multiple of 11?
False
Is 131 a factor of 14148?
True
Does 13 divide 505?
False
Does 75 divide 13500?
True
Is 231 a multiple of 11?
True
Is 44 a factor of 44?
True
Is 6784 a multiple of 11?
False
Is 12 a factor of 40764?
True
Is 59 a factor of 3218?
False
Does 24 divide 168?
True
Is 1824 a multiple of 114?
True
Is 12 a factor of 180?
True
Does 34 divide 14540?
False
Is 8 a factor of 96?
True
Does 87 divide 9168?
False
Is 28340 a multiple of 13?
True
Does 21 divide 32421?
False
Does 44 divide 6732?
True
Is 217 a multiple of 3?
False
Is 8473 a multiple of 3?
False
Is 84 a multiple of 12?
True
Is 338 a multiple of 26?
True
Is 7 a factor of 370?
False
Does 27 divide 1205?
False
Is 113 a factor of 23782?
False
Does 21 divide 5411?
False
Does 8 divide 795?
False
Is 25 a factor of 8300?
True
Is 10277 a multiple of 4?
False
Does 23 divide 1041?
False
Is 12707 a multiple of 17?
False
Does 13 divide 26429?
True
Is 88 a multiple of 22?
True
Does 28 divide 8624?
True
Does 136 divide 14122?
False
Is 8 a factor of 46306?
False
Is 10 a factor of 11530?
True
Does 7 divide 86?
False
Is 1673 a multiple of 5?
False
Is 1050 a multiple of 75?
True
Is 3 a factor of 18?
True
Does 94 divide 458?
False
Does 33 divide 2310?
True
Is 73 a factor of 11124?
False
Does 28 divide 9156?
True
Is 3 a factor of 459?
True
Does 11 divide 4479?
False
Is 25 a factor of 100?
True
Does 5 divide 1530?
True
Is 357 a multiple of 7?
True
Is 842 a multiple of 15?
False
Is 181 a factor of 12553?
False
Is 704 a multiple of 44?
True
Is 13 a factor of 1668?
False
Does 26 divide 2574?
True
Is 1259 a multiple of 42?
False
Is 1377 a multiple of 51?
True
Is 525 a multiple of 38?
False
Does 19 divide 414?
False
Is 56657 a multiple of 11?
False
Is 109 a multiple of 4?
False
Is 2325 a multiple of 5?
True
Is 45 a factor of 978?
False
Does 323 divide 55424?
False
Does 20 divide 5125?
False
Does 67 divide 7727?
False
Is 3 a factor of 739?
False
Is 28 a factor of 2271?
False
Is 50 a factor of 1190?
False
Is 27311 a multiple of 31?
True
Is 6624 a multiple of 288?
True
Is 11 a factor of 759?
True
Does 44 divide 4709?
False
Is 23 a factor of 23102?
False
Is 4 a factor of 179?
False
Is 28 a factor of 411?
False
Does 126 divide 10836?
True
Is 7 a factor of 24528?
True
Is 15 a factor of 368?
False
Is 212 a multiple of 62?
False
Is 43 a factor of 7482?
True
Is 10 a factor of 809?
False
Is 13219 a multiple of 46?
False
Does 9 divide 25088?
False
Does 2 divide 456?
True
Does 8 divide 288?
True
Is 200 a multiple of 10?
True
Does 10 divide 159?
False
Does 5 divide 391?
False
Is 1027 a multiple of 241?
False
Is 3528 a multiple of 168?
True
Is 6929 a multiple of 51?
False
Does 22 divide 594?
True
Does 4 divide 187?
False
Is 650 a multiple of 59?
False
Is 16 a factor of 240?
True
Is 2295 a multiple of 72?
False
Is 184 a factor of 82387?
False
Does 82 divide 2913?
False
Is 39433 a mult